{"id":1649,"date":"2023-12-14T12:20:42","date_gmt":"2023-12-14T11:20:42","guid":{"rendered":"https:\/\/www.demauriceaolivier.marketing-virtual-tools.com\/?page_id=1649"},"modified":"2026-04-20T17:58:13","modified_gmt":"2026-04-20T15:58:13","slug":"weine-der-provence","status":"publish","type":"page","link":"https:\/\/www.demauriceaolivier.be\/de\/vins-de-provence\/","title":{"rendered":"Weine aus der Provence"},"content":{"rendered":"<div data-elementor-type=\"wp-page\" data-elementor-id=\"1649\" class=\"elementor elementor-1649\" data-elementor-post-type=\"page\">\n\t\t\t\t<div class=\"elementor-element elementor-element-3c70daeb e-flex e-con-boxed e-con e-parent\" data-id=\"3c70daeb\" data-element_type=\"container\" data-e-type=\"container\" data-settings=\"{&quot;background_background&quot;:&quot;classic&quot;}\">\n\t\t\t\t\t<div class=\"e-con-inner\">\n\t\t<div class=\"elementor-element elementor-element-4eb40cff e-flex e-con-boxed e-con e-child\" data-id=\"4eb40cff\" data-element_type=\"container\" data-e-type=\"container\">\n\t\t\t\t\t<div class=\"e-con-inner\">\n\t\t\t\t<div class=\"elementor-element elementor-element-13ef1aef elementor-widget elementor-widget-heading\" data-id=\"13ef1aef\" data-element_type=\"widget\" data-e-type=\"widget\" data-widget_type=\"heading.default\">\n\t\t\t\t<div class=\"elementor-widget-container\">\n\t\t\t\t\t<h1 class=\"elementor-heading-title elementor-size-default\">Die Weine der Provence<\/h1>\t\t\t\t<\/div>\n\t\t\t\t<\/div>\n\t\t\t\t<div class=\"elementor-element elementor-element-1a740eae elementor-widget elementor-widget-heading\" data-id=\"1a740eae\" data-element_type=\"widget\" data-e-type=\"widget\" data-widget_type=\"heading.default\">\n\t\t\t\t<div class=\"elementor-widget-container\">\n\t\t\t\t\t<h1 class=\"elementor-heading-title elementor-size-default\">Oliviers Keller<\/h1>\t\t\t\t<\/div>\n\t\t\t\t<\/div>\n\t\t\t\t\t<\/div>\n\t\t\t\t<\/div>\n\t\t\t\t\t<\/div>\n\t\t\t\t<\/div>\n\t\t<div class=\"elementor-element elementor-element-249e6139 animated-slow e-flex e-con-boxed elementor-invisible e-con e-parent\" data-id=\"249e6139\" data-element_type=\"container\" data-e-type=\"container\" data-settings=\"{&quot;background_background&quot;:&quot;classic&quot;,&quot;animation&quot;:&quot;fadeIn&quot;}\">\n\t\t\t\t\t<div class=\"e-con-inner\">\n\t\t<div class=\"elementor-element elementor-element-718c772f e-con-full e-flex e-con e-child\" data-id=\"718c772f\" data-element_type=\"container\" data-e-type=\"container\">\n\t\t\t\t<div class=\"elementor-element elementor-element-1ff6fa73 elementor-widget elementor-widget-image\" data-id=\"1ff6fa73\" data-element_type=\"widget\" data-e-type=\"widget\" data-widget_type=\"image.default\">\n\t\t\t\t<div class=\"elementor-widget-container\">\n\t\t\t\t\t\t\t\t\t\t\t\t\t\t\t<img fetchpriority=\"high\" decoding=\"async\" width=\"799\" height=\"533\" src=\"https:\/\/www.demauriceaolivier.be\/wp-content\/uploads\/2024\/01\/de-maurica-a-olivier-cave-a-vin-low-42.jpg\" class=\"attachment-large size-large wp-image-1794\" alt=\"\" srcset=\"https:\/\/www.demauriceaolivier.be\/wp-content\/uploads\/2024\/01\/de-maurica-a-olivier-cave-a-vin-low-42.jpg 799w, https:\/\/www.demauriceaolivier.be\/wp-content\/uploads\/2024\/01\/de-maurica-a-olivier-cave-a-vin-low-42-300x200.jpg 300w, https:\/\/www.demauriceaolivier.be\/wp-content\/uploads\/2024\/01\/de-maurica-a-olivier-cave-a-vin-low-42-768x512.jpg 768w\" sizes=\"(max-width: 799px) 100vw, 799px\" \/>\t\t\t\t\t\t\t\t\t\t\t\t\t\t\t<\/div>\n\t\t\t\t<\/div>\n\t\t\t\t<\/div>\n\t\t<div class=\"elementor-element elementor-element-4b1d1b3c e-con-full e-flex e-con e-child\" data-id=\"4b1d1b3c\" data-element_type=\"container\" data-e-type=\"container\">\n\t\t\t\t<div class=\"elementor-element elementor-element-5ce7675a elementor-widget elementor-widget-heading\" data-id=\"5ce7675a\" data-element_type=\"widget\" data-e-type=\"widget\" data-widget_type=\"heading.default\">\n\t\t\t\t<div class=\"elementor-widget-container\">\n\t\t\t\t\t<h2 class=\"elementor-heading-title elementor-size-default\">Die Weine der Provence<\/h2>\t\t\t\t<\/div>\n\t\t\t\t<\/div>\n\t\t\t\t<div class=\"elementor-element elementor-element-2268c87f elementor-widget elementor-widget-text-editor\" data-id=\"2268c87f\" data-element_type=\"widget\" data-e-type=\"widget\" data-widget_type=\"text-editor.default\">\n\t\t\t\t<div class=\"elementor-widget-container\">\n\t\t\t\t\t\t\t\t\t<p>Die Weine der Provence werden im S\u00fcdosten Frankreichs produziert und gelten als eine der prestigetr\u00e4chtigsten Weinregionen des Landes. Die drei in der Region produzierten Weinfarben sind Ros\u00e9, Rot und Wei\u00df. Der Ros\u00e9wein aus der Provence wird oft als leicht, trocken und fruchtig mit Aromen von roten Fr\u00fcchten wie Erdbeeren und Kirschen beschrieben. Er wird oft mit langen Sommertagen assoziiert, an denen man auf einer sonnigen Terrasse Gl\u00e4ser trinkt. Der Rotwein aus der Provence wird oft aus Rebsorten wie Grenache, Syrah und Mourv\u00e8dre hergestellt. Der Wein ist oft robust mit Noten von dunklen Fr\u00fcchten, Gew\u00fcrzen und Tr\u00fcffeln.<br \/>\u00a0Der provenzalische Wei\u00dfwein wird oft aus Rebsorten wie Rolle und Ugni Blanc hergestellt. Der Wein ist oft frisch, trocken und leicht aromatisch mit Noten von wei\u00dfen Bl\u00fcten und frischen Fr\u00fcchten.<\/p>\t\t\t\t\t\t\t\t<\/div>\n\t\t\t\t<\/div>\n\t\t\t\t<\/div>\n\t\t\t\t\t<\/div>\n\t\t\t\t<\/div>\n\t\t<div class=\"elementor-element elementor-element-249baaa6 e-flex e-con-boxed e-con e-parent\" data-id=\"249baaa6\" data-element_type=\"container\" data-e-type=\"container\" data-settings=\"{&quot;background_background&quot;:&quot;classic&quot;}\">\n\t\t\t\t\t<div class=\"e-con-inner\">\n\t\t\t\t<div class=\"elementor-element elementor-element-4faaa4ac animated-slow elementor-invisible elementor-widget elementor-widget-heading\" data-id=\"4faaa4ac\" data-element_type=\"widget\" data-e-type=\"widget\" data-settings=\"{&quot;_animation&quot;:&quot;slideInLeft&quot;}\" data-widget_type=\"heading.default\">\n\t\t\t\t<div class=\"elementor-widget-container\">\n\t\t\t\t\t<h2 class=\"elementor-heading-title elementor-size-default\">Die Weine der Provence<\/h2>\t\t\t\t<\/div>\n\t\t\t\t<\/div>\n\t\t\t\t<div class=\"elementor-element elementor-element-1188d215 elementor-widget elementor-widget-text-editor\" data-id=\"1188d215\" data-element_type=\"widget\" data-e-type=\"widget\" data-widget_type=\"text-editor.default\">\n\t\t\t\t<div class=\"elementor-widget-container\">\n\t\t\t\t\t\t\t\t\t<table><tbody><tr><td width=\"415\"><p><strong>M de Minuty Ros\u00e9 2023 <\/strong><\/p><\/td><td width=\"113\"><p>Die Flasche<\/p><\/td><td width=\"66\"><p>45 \u20ac<\/p><\/td><\/tr><tr><td width=\"415\"><p><strong>M de Minuty blanc 2021<\/strong><\/p><\/td><td width=\"113\"><p>Die Flasche<\/p><\/td><td width=\"66\"><p>45 \u20ac<\/p><\/td><\/tr><tr><td width=\"415\"><p><strong>M de Minuty rouge 2019<\/strong><\/p><\/td><td width=\"113\"><p>Die Flasche<\/p><\/td><td width=\"66\"><p>45 \u20ac<\/p><\/td><\/tr><tr><td width=\"415\"><p><strong>Bandol Rot 2018<\/strong> Domaine du Gros Nore<\/p><\/td><td width=\"113\"><p>Die Flasche<\/p><\/td><td width=\"66\"><p>60 \u20ac<\/p><\/td><\/tr><\/tbody><\/table><table><tbody><tr><td width=\"415\"><p><strong>Bandol Blanc 2017<\/strong> Domaine du Gros Nore<\/p><\/td><td width=\"113\"><p>Die Flasche<\/p><\/td><td width=\"66\"><p>60 \u20ac<\/p><\/td><\/tr><tr><td width=\"415\"><p><strong>Bandol Ros\u00e9 2021<\/strong> Domaine du Gros Nore<\/p><\/td><td width=\"113\"><p>Die Flasche<\/p><\/td><td width=\"66\"><p>60 \u20ac<\/p><\/td><\/tr><\/tbody><\/table>\t\t\t\t\t\t\t\t<\/div>\n\t\t\t\t<\/div>\n\t\t\t\t\t<\/div>\n\t\t\t\t<\/div>\n\t\t\t\t<\/div>","protected":false},"excerpt":{"rendered":"<p>Les vins de Provence La cave d&rsquo;Olivier Les vins de Provence Les vins de Provence sont produits dans le sud-est de la France et sont consid\u00e9r\u00e9s comme l&rsquo;une des r\u00e9gions viticoles les plus prestigieuses du pays. Les trois couleurs de vin produites dans la r\u00e9gion sont le ros\u00e9, le rouge et le blanc. Le ros\u00e9 [&hellip;]<\/p>\n","protected":false},"author":1,"featured_media":0,"parent":0,"menu_order":0,"comment_status":"closed","ping_status":"closed","template":"elementor_header_footer","meta":{"footnotes":""},"class_list":["post-1649","page","type-page","status-publish","hentry"],"_links":{"self":[{"href":"https:\/\/www.demauriceaolivier.be\/de\/wp-json\/wp\/v2\/pages\/1649","targetHints":{"allow":["GET"]}}],"collection":[{"href":"https:\/\/www.demauriceaolivier.be\/de\/wp-json\/wp\/v2\/pages"}],"about":[{"href":"https:\/\/www.demauriceaolivier.be\/de\/wp-json\/wp\/v2\/types\/page"}],"author":[{"embeddable":true,"href":"https:\/\/www.demauriceaolivier.be\/de\/wp-json\/wp\/v2\/users\/1"}],"replies":[{"embeddable":true,"href":"https:\/\/www.demauriceaolivier.be\/de\/wp-json\/wp\/v2\/comments?post=1649"}],"version-history":[{"count":17,"href":"https:\/\/www.demauriceaolivier.be\/de\/wp-json\/wp\/v2\/pages\/1649\/revisions"}],"predecessor-version":[{"id":3168,"href":"https:\/\/www.demauriceaolivier.be\/de\/wp-json\/wp\/v2\/pages\/1649\/revisions\/3168"}],"wp:attachment":[{"href":"https:\/\/www.demauriceaolivier.be\/de\/wp-json\/wp\/v2\/media?parent=1649"}],"curies":[{"name":"wp","href":"https:\/\/api.w.org\/{rel}","templated":true}]}}

<div data-elementor-type="wp-page" data-elementor-id="1649" class="elementor elementor-1649" data-elementor-post-type="page">
				<div class="elementor-element elementor-element-3c70daeb e-flex e-con-boxed e-con e-parent" data-id="3c70daeb" data-element_type="container" data-e-type="container" data-settings="{&quot;background_background&quot;:&quot;classic&quot;}">
					<div class="e-con-inner">
		<div class="elementor-element elementor-element-4eb40cff e-flex e-con-boxed e-con e-child" data-id="4eb40cff" data-element_type="container" data-e-type="container">
					<div class="e-con-inner">
				<div class="elementor-element elementor-element-13ef1aef elementor-widget elementor-widget-heading" data-id="13ef1aef" data-element_type="widget" data-e-type="widget" data-widget_type="heading.default">
				<div class="elementor-widget-container">
					<h1 class="elementor-heading-title elementor-size-default">Die Weine der Provence</h1>				</div>
				</div>
				<div class="elementor-element elementor-element-1a740eae elementor-widget elementor-widget-heading" data-id="1a740eae" data-element_type="widget" data-e-type="widget" data-widget_type="heading.default">
				<div class="elementor-widget-container">
					<h1 class="elementor-heading-title elementor-size-default">Oliviers Keller</h1>				</div>
				</div>
					</div>
				</div>
					</div>
				</div>
		<div class="elementor-element elementor-element-249e6139 animated-slow e-flex e-con-boxed elementor-invisible e-con e-parent" data-id="249e6139" data-element_type="container" data-e-type="container" data-settings="{&quot;background_background&quot;:&quot;classic&quot;,&quot;animation&quot;:&quot;fadeIn&quot;}">
					<div class="e-con-inner">
		<div class="elementor-element elementor-element-718c772f e-con-full e-flex e-con e-child" data-id="718c772f" data-element_type="container" data-e-type="container">
				<div class="elementor-element elementor-element-1ff6fa73 elementor-widget elementor-widget-image" data-id="1ff6fa73" data-element_type="widget" data-e-type="widget" data-widget_type="image.default">
				<div class="elementor-widget-container">
															<img fetchpriority="high" decoding="async" width="799" height="533" src="https://www.demauriceaolivier.be/wp-content/uploads/2024/01/de-maurica-a-olivier-cave-a-vin-low-42.jpg" class="attachment-large size-large wp-image-1794" alt="" srcset="https://www.demauriceaolivier.be/wp-content/uploads/2024/01/de-maurica-a-olivier-cave-a-vin-low-42.jpg 799w, https://www.demauriceaolivier.be/wp-content/uploads/2024/01/de-maurica-a-olivier-cave-a-vin-low-42-300x200.jpg 300w, https://www.demauriceaolivier.be/wp-content/uploads/2024/01/de-maurica-a-olivier-cave-a-vin-low-42-768x512.jpg 768w" sizes="(max-width: 799px) 100vw, 799px" />															</div>
				</div>
				</div>
		<div class="elementor-element elementor-element-4b1d1b3c e-con-full e-flex e-con e-child" data-id="4b1d1b3c" data-element_type="container" data-e-type="container">
				<div class="elementor-element elementor-element-5ce7675a elementor-widget elementor-widget-heading" data-id="5ce7675a" data-element_type="widget" data-e-type="widget" data-widget_type="heading.default">
				<div class="elementor-widget-container">
					<h2 class="elementor-heading-title elementor-size-default">Die Weine der Provence</h2>				</div>
				</div>
				<div class="elementor-element elementor-element-2268c87f elementor-widget elementor-widget-text-editor" data-id="2268c87f" data-element_type="widget" data-e-type="widget" data-widget_type="text-editor.default">
				<div class="elementor-widget-container">
									<p>Die Weine der Provence werden im Südosten Frankreichs produziert und gelten als eine der prestigeträchtigsten Weinregionen des Landes. Die drei in der Region produzierten Weinfarben sind Rosé, Rot und Weiß. Der Roséwein aus der Provence wird oft als leicht, trocken und fruchtig mit Aromen von roten Früchten wie Erdbeeren und Kirschen beschrieben. Er wird oft mit langen Sommertagen assoziiert, an denen man auf einer sonnigen Terrasse Gläser trinkt. Der Rotwein aus der Provence wird oft aus Rebsorten wie Grenache, Syrah und Mourvèdre hergestellt. Der Wein ist oft robust mit Noten von dunklen Früchten, Gewürzen und Trüffeln.<br /> Der provenzalische Weißwein wird oft aus Rebsorten wie Rolle und Ugni Blanc hergestellt. Der Wein ist oft frisch, trocken und leicht aromatisch mit Noten von weißen Blüten und frischen Früchten.</p>								</div>
				</div>
				</div>
					</div>
				</div>
		<div class="elementor-element elementor-element-249baaa6 e-flex e-con-boxed e-con e-parent" data-id="249baaa6" data-element_type="container" data-e-type="container" data-settings="{&quot;background_background&quot;:&quot;classic&quot;}">
					<div class="e-con-inner">
				<div class="elementor-element elementor-element-4faaa4ac animated-slow elementor-invisible elementor-widget elementor-widget-heading" data-id="4faaa4ac" data-element_type="widget" data-e-type="widget" data-settings="{&quot;_animation&quot;:&quot;slideInLeft&quot;}" data-widget_type="heading.default">
				<div class="elementor-widget-container">
					<h2 class="elementor-heading-title elementor-size-default">Die Weine der Provence</h2>				</div>
				</div>
				<div class="elementor-element elementor-element-1188d215 elementor-widget elementor-widget-text-editor" data-id="1188d215" data-element_type="widget" data-e-type="widget" data-widget_type="text-editor.default">
				<div class="elementor-widget-container">
									<table><tbody><tr><td width="415"><p><strong>M de Minuty Rosé 2023 </strong></p></td><td width="113"><p>Die Flasche</p></td><td width="66"><p>45 €</p></td></tr><tr><td width="415"><p><strong>M de Minuty blanc 2021</strong></p></td><td width="113"><p>Die Flasche</p></td><td width="66"><p>45 €</p></td></tr><tr><td width="415"><p><strong>M de Minuty rouge 2019</strong></p></td><td width="113"><p>Die Flasche</p></td><td width="66"><p>45 €</p></td></tr><tr><td width="415"><p><strong>Bandol Rot 2018</strong> Domaine du Gros Nore</p></td><td width="113"><p>Die Flasche</p></td><td width="66"><p>60 €</p></td></tr></tbody></table><table><tbody><tr><td width="415"><p><strong>Bandol Blanc 2017</strong> Domaine du Gros Nore</p></td><td width="113"><p>Die Flasche</p></td><td width="66"><p>60 €</p></td></tr><tr><td width="415"><p><strong>Bandol Rosé 2021</strong> Domaine du Gros Nore</p></td><td width="113"><p>Die Flasche</p></td><td width="66"><p>60 €</p></td></tr></tbody></table>								</div>
				</div>
					</div>
				</div>
				</div>

<p>Les vins de Provence La cave d&rsquo;Olivier Les vins de Provence Les vins de Provence sont produits dans le sud-est de la France et sont considérés comme l&rsquo;une des régions viticoles les plus prestigieuses du pays. Les trois couleurs de vin produites dans la région sont le rosé, le rouge et le blanc. Le rosé [&hellip;]</p>
