{"id":1697,"date":"2023-12-14T18:15:25","date_gmt":"2023-12-14T17:15:25","guid":{"rendered":"https:\/\/www.demauriceaolivier.marketing-virtual-tools.com\/?page_id=1697"},"modified":"2025-09-08T18:36:42","modified_gmt":"2025-09-08T16:36:42","slug":"weine-aus-dem-sudwesten","status":"publish","type":"page","link":"https:\/\/www.demauriceaolivier.be\/de\/vins-du-sud-ouest\/","title":{"rendered":"S\u00fcdwest-Weine"},"content":{"rendered":"<div data-elementor-type=\"wp-page\" data-elementor-id=\"1697\" class=\"elementor elementor-1697\" data-elementor-post-type=\"page\">\n\t\t\t\t<div class=\"elementor-element elementor-element-488820be e-flex e-con-boxed e-con e-parent\" data-id=\"488820be\" data-element_type=\"container\" data-e-type=\"container\" data-settings=\"{&quot;background_background&quot;:&quot;classic&quot;}\">\n\t\t\t\t\t<div class=\"e-con-inner\">\n\t\t<div class=\"elementor-element elementor-element-61865a4c e-flex e-con-boxed e-con e-child\" data-id=\"61865a4c\" data-element_type=\"container\" data-e-type=\"container\">\n\t\t\t\t\t<div class=\"e-con-inner\">\n\t\t\t\t<div class=\"elementor-element elementor-element-6f1f9dd2 elementor-widget elementor-widget-heading\" data-id=\"6f1f9dd2\" data-element_type=\"widget\" data-e-type=\"widget\" data-widget_type=\"heading.default\">\n\t\t\t\t<div class=\"elementor-widget-container\">\n\t\t\t\t\t<h1 class=\"elementor-heading-title elementor-size-default\">Die Weine des S\u00fcdwestens<\/h1>\t\t\t\t<\/div>\n\t\t\t\t<\/div>\n\t\t\t\t<div class=\"elementor-element elementor-element-53670c14 elementor-widget elementor-widget-heading\" data-id=\"53670c14\" data-element_type=\"widget\" data-e-type=\"widget\" data-widget_type=\"heading.default\">\n\t\t\t\t<div class=\"elementor-widget-container\">\n\t\t\t\t\t<h1 class=\"elementor-heading-title elementor-size-default\">Oliviers Keller<\/h1>\t\t\t\t<\/div>\n\t\t\t\t<\/div>\n\t\t\t\t\t<\/div>\n\t\t\t\t<\/div>\n\t\t\t\t\t<\/div>\n\t\t\t\t<\/div>\n\t\t<div class=\"elementor-element elementor-element-78c45940 animated-slow e-flex e-con-boxed elementor-invisible e-con e-parent\" data-id=\"78c45940\" data-element_type=\"container\" data-e-type=\"container\" data-settings=\"{&quot;background_background&quot;:&quot;classic&quot;,&quot;animation&quot;:&quot;fadeIn&quot;}\">\n\t\t\t\t\t<div class=\"e-con-inner\">\n\t\t<div class=\"elementor-element elementor-element-6931a8c3 e-con-full e-flex e-con e-child\" data-id=\"6931a8c3\" data-element_type=\"container\" data-e-type=\"container\">\n\t\t\t\t<div class=\"elementor-element elementor-element-5a2b373c elementor-widget elementor-widget-image\" data-id=\"5a2b373c\" data-element_type=\"widget\" data-e-type=\"widget\" data-widget_type=\"image.default\">\n\t\t\t\t<div class=\"elementor-widget-container\">\n\t\t\t\t\t\t\t\t\t\t\t\t\t\t\t<img fetchpriority=\"high\" decoding=\"async\" width=\"800\" height=\"534\" src=\"https:\/\/www.demauriceaolivier.be\/wp-content\/uploads\/2023\/12\/hermes-rivera-aK6WGqxyHFw-unsplash-1024x683.jpg\" class=\"attachment-large size-large wp-image-1710\" alt=\"\" srcset=\"https:\/\/www.demauriceaolivier.be\/wp-content\/uploads\/2023\/12\/hermes-rivera-aK6WGqxyHFw-unsplash-1024x683.jpg 1024w, https:\/\/www.demauriceaolivier.be\/wp-content\/uploads\/2023\/12\/hermes-rivera-aK6WGqxyHFw-unsplash-300x200.jpg 300w, https:\/\/www.demauriceaolivier.be\/wp-content\/uploads\/2023\/12\/hermes-rivera-aK6WGqxyHFw-unsplash-768x512.jpg 768w, https:\/\/www.demauriceaolivier.be\/wp-content\/uploads\/2023\/12\/hermes-rivera-aK6WGqxyHFw-unsplash-1536x1024.jpg 1536w, https:\/\/www.demauriceaolivier.be\/wp-content\/uploads\/2023\/12\/hermes-rivera-aK6WGqxyHFw-unsplash-2048x1365.jpg 2048w\" sizes=\"(max-width: 800px) 100vw, 800px\" \/>\t\t\t\t\t\t\t\t\t\t\t\t\t\t\t<\/div>\n\t\t\t\t<\/div>\n\t\t\t\t<\/div>\n\t\t<div class=\"elementor-element elementor-element-4a03dc38 e-con-full e-flex e-con e-child\" data-id=\"4a03dc38\" data-element_type=\"container\" data-e-type=\"container\">\n\t\t\t\t<div class=\"elementor-element elementor-element-6f1f753e elementor-widget elementor-widget-heading\" data-id=\"6f1f753e\" data-element_type=\"widget\" data-e-type=\"widget\" data-widget_type=\"heading.default\">\n\t\t\t\t<div class=\"elementor-widget-container\">\n\t\t\t\t\t<h2 class=\"elementor-heading-title elementor-size-default\">Die Weine des S\u00fcdwestens<\/h2>\t\t\t\t<\/div>\n\t\t\t\t<\/div>\n\t\t\t\t<div class=\"elementor-element elementor-element-3c560561 elementor-widget elementor-widget-text-editor\" data-id=\"3c560561\" data-element_type=\"widget\" data-e-type=\"widget\" data-widget_type=\"text-editor.default\">\n\t\t\t\t<div class=\"elementor-widget-container\">\n\t\t\t\t\t\t\t\t\t<p>Die Weine aus dem S\u00fcdwesten Frankreichs sind f\u00fcr ihre Vielfalt und Exzellenz bekannt. Es handelt sich um ein sehr reiches Terroir, das mehrere kontrollierte Herkunftsbezeichnungen (AOC) umfasst, wie Cahors, Madiran, Juran\u00e7on, Gaillac oder Saint-Mont.<\/p><p>Die Rotweine aus dem S\u00fcdwesten sind typischerweise vollmundig und tanninreich, mit Aromen von schwarzen Fr\u00fcchten, Gew\u00fcrzen und Tabak. Die Wei\u00dfweine hingegen sind oft fruchtig und frisch, mit floralen Noten und Aromen von Apfel, Birne oder Pfirsich.<\/p>\t\t\t\t\t\t\t\t<\/div>\n\t\t\t\t<\/div>\n\t\t\t\t<\/div>\n\t\t\t\t\t<\/div>\n\t\t\t\t<\/div>\n\t\t<div class=\"elementor-element elementor-element-122130c6 e-flex e-con-boxed e-con e-parent\" data-id=\"122130c6\" data-element_type=\"container\" data-e-type=\"container\" data-settings=\"{&quot;background_background&quot;:&quot;classic&quot;}\">\n\t\t\t\t\t<div class=\"e-con-inner\">\n\t\t\t\t<div class=\"elementor-element elementor-element-33278e3e animated-slow elementor-invisible elementor-widget elementor-widget-heading\" data-id=\"33278e3e\" data-element_type=\"widget\" data-e-type=\"widget\" data-settings=\"{&quot;_animation&quot;:&quot;slideInLeft&quot;}\" data-widget_type=\"heading.default\">\n\t\t\t\t<div class=\"elementor-widget-container\">\n\t\t\t\t\t<h2 class=\"elementor-heading-title elementor-size-default\">Rotweine aus dem S\u00fcdwesten<\/h2>\t\t\t\t<\/div>\n\t\t\t\t<\/div>\n\t\t\t\t<div class=\"elementor-element elementor-element-e1f5a89 elementor-widget elementor-widget-text-editor\" data-id=\"e1f5a89\" data-element_type=\"widget\" data-e-type=\"widget\" data-widget_type=\"text-editor.default\">\n\t\t\t\t<div class=\"elementor-widget-container\">\n\t\t\t\t\t\t\t\t\t<table><tbody><tr><td width=\"415\"><p><strong>Cahors Le c\u00e8dre H\u00e9ritage 2021 <\/strong>Ch\u00e2teau du C\u00e8dre<\/p><\/td><td width=\"113\"><p>Die Flasche<\/p><\/td><td width=\"57\"><p>40 \u20ac<\/p><\/td><\/tr><tr><td width=\"415\"><p><strong>Cahors 2022 <\/strong>Ch\u00e2teau du C\u00e8dre Le prestige<\/p><\/td><td width=\"113\"><p>Die Flasche<\/p><\/td><td width=\"57\"><p>50 \u20ac<\/p><\/td><\/tr><tr><td width=\"415\"><p><strong>Cahors 2020 <\/strong>Domaine Mas del Pierre Haute Cote de Fruit<\/p><\/td><td width=\"113\"><p>Die Flasche<\/p><\/td><td width=\"57\"><p>45 \u20ac<\/p><\/td><\/tr><tr><td width=\"415\"><p><strong>Tour des Gendres Bergerac 2016<\/strong><\/p><\/td><td width=\"113\"><p>Die Flasche<\/p><\/td><td width=\"57\"><p>30 \u20ac<\/p><\/td><\/tr><\/tbody><\/table>\t\t\t\t\t\t\t\t<\/div>\n\t\t\t\t<\/div>\n\t\t\t\t\t<\/div>\n\t\t\t\t<\/div>\n\t\t<div class=\"elementor-element elementor-element-3e768c7b e-flex e-con-boxed e-con e-parent\" data-id=\"3e768c7b\" data-element_type=\"container\" data-e-type=\"container\" data-settings=\"{&quot;background_background&quot;:&quot;classic&quot;}\">\n\t\t\t\t\t<div class=\"e-con-inner\">\n\t\t\t\t<div class=\"elementor-element elementor-element-35db3123 animated-slow elementor-invisible elementor-widget elementor-widget-heading\" data-id=\"35db3123\" data-element_type=\"widget\" data-e-type=\"widget\" data-settings=\"{&quot;_animation&quot;:&quot;slideInLeft&quot;}\" data-widget_type=\"heading.default\">\n\t\t\t\t<div class=\"elementor-widget-container\">\n\t\t\t\t\t<h2 class=\"elementor-heading-title elementor-size-default\">Wei\u00dfweine aus dem S\u00fcdwesten<\/h2>\t\t\t\t<\/div>\n\t\t\t\t<\/div>\n\t\t\t\t<div class=\"elementor-element elementor-element-2233f2 elementor-widget elementor-widget-text-editor\" data-id=\"2233f2\" data-element_type=\"widget\" data-e-type=\"widget\" data-widget_type=\"text-editor.default\">\n\t\t\t\t<div class=\"elementor-widget-container\">\n\t\t\t\t\t\t\t\t\t<table><tbody><tr><td width=\"415\"><p><strong>Ch\u00e2teau Baron De Bachen Tusan 2013<\/strong><\/p><\/td><td width=\"113\"><p>Die Flasche<\/p><\/td><td width=\"57\"><p>60 \u20ac<\/p><\/td><\/tr><tr><td width=\"415\"><p><strong>Tour des Gendres Cuv\u00e9e des Conti 2021<\/strong><\/p><\/td><td width=\"113\"><p>Die Flasche<\/p><\/td><td width=\"57\"><p>35 \u20ac<\/p><\/td><\/tr><\/tbody><\/table>\t\t\t\t\t\t\t\t<\/div>\n\t\t\t\t<\/div>\n\t\t\t\t\t<\/div>\n\t\t\t\t<\/div>\n\t\t\t\t<\/div>","protected":false},"excerpt":{"rendered":"<p>Les Vins du Sud-Ouest La cave d&rsquo;Olivier Les Vins du Sud-Ouest Les vins du sud-ouest de la France sont connus pour leur diversit\u00e9 et leur excellence. Il s&rsquo;agit d&rsquo;un terroir tr\u00e8s riche, qui englobe plusieurs appellations d&rsquo;origine contr\u00f4l\u00e9e (AOC) telles que Cahors, Madiran, Juran\u00e7on, Gaillac ou encore Saint-Mont. Les vins rouges du sud-ouest sont g\u00e9n\u00e9ralement [&hellip;]<\/p>\n","protected":false},"author":1,"featured_media":0,"parent":0,"menu_order":0,"comment_status":"closed","ping_status":"closed","template":"elementor_header_footer","meta":{"footnotes":""},"class_list":["post-1697","page","type-page","status-publish","hentry"],"_links":{"self":[{"href":"https:\/\/www.demauriceaolivier.be\/de\/wp-json\/wp\/v2\/pages\/1697","targetHints":{"allow":["GET"]}}],"collection":[{"href":"https:\/\/www.demauriceaolivier.be\/de\/wp-json\/wp\/v2\/pages"}],"about":[{"href":"https:\/\/www.demauriceaolivier.be\/de\/wp-json\/wp\/v2\/types\/page"}],"author":[{"embeddable":true,"href":"https:\/\/www.demauriceaolivier.be\/de\/wp-json\/wp\/v2\/users\/1"}],"replies":[{"embeddable":true,"href":"https:\/\/www.demauriceaolivier.be\/de\/wp-json\/wp\/v2\/comments?post=1697"}],"version-history":[{"count":20,"href":"https:\/\/www.demauriceaolivier.be\/de\/wp-json\/wp\/v2\/pages\/1697\/revisions"}],"predecessor-version":[{"id":2932,"href":"https:\/\/www.demauriceaolivier.be\/de\/wp-json\/wp\/v2\/pages\/1697\/revisions\/2932"}],"wp:attachment":[{"href":"https:\/\/www.demauriceaolivier.be\/de\/wp-json\/wp\/v2\/media?parent=1697"}],"curies":[{"name":"wp","href":"https:\/\/api.w.org\/{rel}","templated":true}]}}

Südwest-Weine

<div data-elementor-type="wp-page" data-elementor-id="1697" class="elementor elementor-1697" data-elementor-post-type="page">
				<div class="elementor-element elementor-element-488820be e-flex e-con-boxed e-con e-parent" data-id="488820be" data-element_type="container" data-e-type="container" data-settings="{&quot;background_background&quot;:&quot;classic&quot;}">
					<div class="e-con-inner">
		<div class="elementor-element elementor-element-61865a4c e-flex e-con-boxed e-con e-child" data-id="61865a4c" data-element_type="container" data-e-type="container">
					<div class="e-con-inner">
				<div class="elementor-element elementor-element-6f1f9dd2 elementor-widget elementor-widget-heading" data-id="6f1f9dd2" data-element_type="widget" data-e-type="widget" data-widget_type="heading.default">
				<div class="elementor-widget-container">
					<h1 class="elementor-heading-title elementor-size-default">Die Weine des Südwestens</h1>				</div>
				</div>
				<div class="elementor-element elementor-element-53670c14 elementor-widget elementor-widget-heading" data-id="53670c14" data-element_type="widget" data-e-type="widget" data-widget_type="heading.default">
				<div class="elementor-widget-container">
					<h1 class="elementor-heading-title elementor-size-default">Oliviers Keller</h1>				</div>
				</div>
					</div>
				</div>
					</div>
				</div>
		<div class="elementor-element elementor-element-78c45940 animated-slow e-flex e-con-boxed elementor-invisible e-con e-parent" data-id="78c45940" data-element_type="container" data-e-type="container" data-settings="{&quot;background_background&quot;:&quot;classic&quot;,&quot;animation&quot;:&quot;fadeIn&quot;}">
					<div class="e-con-inner">
		<div class="elementor-element elementor-element-6931a8c3 e-con-full e-flex e-con e-child" data-id="6931a8c3" data-element_type="container" data-e-type="container">
				<div class="elementor-element elementor-element-5a2b373c elementor-widget elementor-widget-image" data-id="5a2b373c" data-element_type="widget" data-e-type="widget" data-widget_type="image.default">
				<div class="elementor-widget-container">
															<img fetchpriority="high" decoding="async" width="800" height="534" src="https://www.demauriceaolivier.be/wp-content/uploads/2023/12/hermes-rivera-aK6WGqxyHFw-unsplash-1024x683.jpg" class="attachment-large size-large wp-image-1710" alt="" srcset="https://www.demauriceaolivier.be/wp-content/uploads/2023/12/hermes-rivera-aK6WGqxyHFw-unsplash-1024x683.jpg 1024w, https://www.demauriceaolivier.be/wp-content/uploads/2023/12/hermes-rivera-aK6WGqxyHFw-unsplash-300x200.jpg 300w, https://www.demauriceaolivier.be/wp-content/uploads/2023/12/hermes-rivera-aK6WGqxyHFw-unsplash-768x512.jpg 768w, https://www.demauriceaolivier.be/wp-content/uploads/2023/12/hermes-rivera-aK6WGqxyHFw-unsplash-1536x1024.jpg 1536w, https://www.demauriceaolivier.be/wp-content/uploads/2023/12/hermes-rivera-aK6WGqxyHFw-unsplash-2048x1365.jpg 2048w" sizes="(max-width: 800px) 100vw, 800px" />															</div>
				</div>
				</div>
		<div class="elementor-element elementor-element-4a03dc38 e-con-full e-flex e-con e-child" data-id="4a03dc38" data-element_type="container" data-e-type="container">
				<div class="elementor-element elementor-element-6f1f753e elementor-widget elementor-widget-heading" data-id="6f1f753e" data-element_type="widget" data-e-type="widget" data-widget_type="heading.default">
				<div class="elementor-widget-container">
					<h2 class="elementor-heading-title elementor-size-default">Die Weine des Südwestens</h2>				</div>
				</div>
				<div class="elementor-element elementor-element-3c560561 elementor-widget elementor-widget-text-editor" data-id="3c560561" data-element_type="widget" data-e-type="widget" data-widget_type="text-editor.default">
				<div class="elementor-widget-container">
									<p>Die Weine aus dem Südwesten Frankreichs sind für ihre Vielfalt und Exzellenz bekannt. Es handelt sich um ein sehr reiches Terroir, das mehrere kontrollierte Herkunftsbezeichnungen (AOC) umfasst, wie Cahors, Madiran, Jurançon, Gaillac oder Saint-Mont.</p><p>Die Rotweine aus dem Südwesten sind typischerweise vollmundig und tanninreich, mit Aromen von schwarzen Früchten, Gewürzen und Tabak. Die Weißweine hingegen sind oft fruchtig und frisch, mit floralen Noten und Aromen von Apfel, Birne oder Pfirsich.</p>								</div>
				</div>
				</div>
					</div>
				</div>
		<div class="elementor-element elementor-element-122130c6 e-flex e-con-boxed e-con e-parent" data-id="122130c6" data-element_type="container" data-e-type="container" data-settings="{&quot;background_background&quot;:&quot;classic&quot;}">
					<div class="e-con-inner">
				<div class="elementor-element elementor-element-33278e3e animated-slow elementor-invisible elementor-widget elementor-widget-heading" data-id="33278e3e" data-element_type="widget" data-e-type="widget" data-settings="{&quot;_animation&quot;:&quot;slideInLeft&quot;}" data-widget_type="heading.default">
				<div class="elementor-widget-container">
					<h2 class="elementor-heading-title elementor-size-default">Rotweine aus dem Südwesten</h2>				</div>
				</div>
				<div class="elementor-element elementor-element-e1f5a89 elementor-widget elementor-widget-text-editor" data-id="e1f5a89" data-element_type="widget" data-e-type="widget" data-widget_type="text-editor.default">
				<div class="elementor-widget-container">
									<table><tbody><tr><td width="415"><p><strong>Cahors Le cèdre Héritage 2021 </strong>Château du Cèdre</p></td><td width="113"><p>Die Flasche</p></td><td width="57"><p>40 €</p></td></tr><tr><td width="415"><p><strong>Cahors 2022 </strong>Château du Cèdre Le prestige</p></td><td width="113"><p>Die Flasche</p></td><td width="57"><p>50 €</p></td></tr><tr><td width="415"><p><strong>Cahors 2020 </strong>Domaine Mas del Pierre Haute Cote de Fruit</p></td><td width="113"><p>Die Flasche</p></td><td width="57"><p>45 €</p></td></tr><tr><td width="415"><p><strong>Tour des Gendres Bergerac 2016</strong></p></td><td width="113"><p>Die Flasche</p></td><td width="57"><p>30 €</p></td></tr></tbody></table>								</div>
				</div>
					</div>
				</div>
		<div class="elementor-element elementor-element-3e768c7b e-flex e-con-boxed e-con e-parent" data-id="3e768c7b" data-element_type="container" data-e-type="container" data-settings="{&quot;background_background&quot;:&quot;classic&quot;}">
					<div class="e-con-inner">
				<div class="elementor-element elementor-element-35db3123 animated-slow elementor-invisible elementor-widget elementor-widget-heading" data-id="35db3123" data-element_type="widget" data-e-type="widget" data-settings="{&quot;_animation&quot;:&quot;slideInLeft&quot;}" data-widget_type="heading.default">
				<div class="elementor-widget-container">
					<h2 class="elementor-heading-title elementor-size-default">Weißweine aus dem Südwesten</h2>				</div>
				</div>
				<div class="elementor-element elementor-element-2233f2 elementor-widget elementor-widget-text-editor" data-id="2233f2" data-element_type="widget" data-e-type="widget" data-widget_type="text-editor.default">
				<div class="elementor-widget-container">
									<table><tbody><tr><td width="415"><p><strong>Château Baron De Bachen Tusan 2013</strong></p></td><td width="113"><p>Die Flasche</p></td><td width="57"><p>60 €</p></td></tr><tr><td width="415"><p><strong>Tour des Gendres Cuvée des Conti 2021</strong></p></td><td width="113"><p>Die Flasche</p></td><td width="57"><p>35 €</p></td></tr></tbody></table>								</div>
				</div>
					</div>
				</div>
				</div>

<p>Les Vins du Sud-Ouest La cave d&rsquo;Olivier Les Vins du Sud-Ouest Les vins du sud-ouest de la France sont connus pour leur diversité et leur excellence. Il s&rsquo;agit d&rsquo;un terroir très riche, qui englobe plusieurs appellations d&rsquo;origine contrôlée (AOC) telles que Cahors, Madiran, Jurançon, Gaillac ou encore Saint-Mont. Les vins rouges du sud-ouest sont généralement [&hellip;]</p>
